 Suppose 2*n = -r + 146. What is the greatest common factor of n and z?
36
Let o(k) = 2*k - 25. Let d be 3/(-1) + 21 + -3. Let n be o(d). Suppose 3*j + 2 - n = 0. Calculate the highest common factor of 11 and j.
1
Let v(k) = k**3 - k + 1. Let m(y) = 3*y**3 - 11*y**2 - 18*y - 6. Let t(c) = -m(c) + 4*v(c). Let i be t(-9). What is the greatest common divisor of 69 and i?
23
Let p(k) = k + 7. Let y be p(-3). Suppose y*s - 110 - 77 = -5*r, -s - 2*r = -46. Calculate the highest common divisor of s and 240.
48
Suppose -h = -3*f - 1123 - 3196, 8648 = 2*h + 4*f. Calculate the highest common factor of 6 and h.
2
Let b(i) = 4*i - 30. Let j be b(5). Let y be 6 - (j - -6 - 5). What is the highest common factor of 65 and y?
5
Let s be -5 + 32/4 + -445. Let c be (-3)/9 - s/3. Suppose 5*y - 101 = -4*o, 5*y = 5*o + 74 + 36. Calculate the greatest common factor of y and c.
21
Let j be 95/2*(-285)/25*-2. Let k = j + -375. Calculate the greatest common factor of 24 and k.
12
Let q(s) = 9*s - 13. Let n = 40 - 16. Let m be q(n). Let w = -110 + m. Calculate the highest common divisor of 62 and w.
31
Let z(t) = t + 28. Let u be z(11). Suppose u*r = 37*r + 38. What is the highest common divisor of 19 and r?
19
Suppose 0 = -4*x + x + 93. Suppose -6*d + 3*d + 1542 = -597. Calculate the greatest common factor of x and d.
31
Let d(f) = f**3 - 4*f**2 + 5*f + 7. Let t be d(7). Suppose -t = 2*a - 5*a. Calculate the greatest common divisor of a and 441.
63
Suppose -4*x + 2 + 18 = 0. Suppose -4*o - 28 - 5 = -x*g, 3*o = -5*g + 19. Let a be o/4 - (1092/(-8))/7. What is the greatest common divisor of a and 171?
19
Suppose -5*l - 53 = 3*f, -2*l - 5*f = 3*l + 55. Let s be (-4*5/l)/((-2)/(-6)). Suppose -s*m = -181 - 155. Calculate the greatest common factor of 7 and m.
7
Suppose 4544 = 1703*x - 1687*x. What is the highest common divisor of 710 and x?
142
Let r be ((-1)/(-2) + (-11)/(-44))*4. Suppose -x - c = 4*x - 14, 2*x + 3*c - r = 0. What is the highest common divisor of x and 6?
3
Let z(u) = -u**2 + 39 - 6*u + 0*u**2 - 8*u. Let g be z(-15). What is the greatest common divisor of g and 18?
6
Suppose -10*x - 12 = -252. Suppose -6*q = 15*q + 27*q - 36864. Calculate the highest common divisor of q and x.
24
Suppose 0 = z + j - 631, z + 4*j = 909 - 281. Suppose -5*x + 3*d + 613 + z = 0, x + 5*d = 277. What is the greatest common divisor of 12 and x?
12
Let g(l) = -817*l**3 - 20*l**2 - 26*l - 3. Let b be g(-1). Calculate the highest common factor of b and 10168.
164
Let h(g) = -806*g + 2641. Let m be h(3). Calculate the highest common divisor of m and 8.
1
Let b(g) = 20*g**3 - 8*g**2 + g + 41. Let x be b(4). Calculate the highest common factor of 42 and x.
21
Let g = 64 + -59. Suppose g*x - 24*x = -798. Calculate the greatest common divisor of x and 112.
14
Suppose s - 4*h + 208 = 4095, -2*s + h = -7795. Suppose 955 - s = -8*y. Calculate the greatest common factor of 32 and y.
16
Suppose 0 = -5*h - 5*f + 10915, -162*h = -165*h + 4*f + 6563. Calculate the greatest common divisor of 285 and h.
95
Suppose -125*s + 1982 + 238 + 1280 = 0. Suppose 2*x - 11 = 129. Calculate the highest common factor of s and x.
14
Let k be (-468)/(-130) - (0 + 6/10). Suppose o = 2*x + 68, 132 = -o + k*o - 3*x. Calculate the highest common divisor of o and 200.
20
Suppose 10*l - 8*l = 8, 0 = -2*s - 3*l + 132. Suppose -3*v + 402 = 6. What is the greatest common divisor of v and s?
12
Suppose -38*i + 41*i = 6. Let q be (-116)/(-10) - i/(-5). What is the highest common divisor of q and 180?
12
Let g(x) = 15*x. Let i be g(1). Let v be 1/(-1*(-2)/(-6)) + 309. Suppose v = 5*l - 3*d, 0 = d + 4 - 2. Calculate the highest common divisor of i and l.
15
Suppose 3*z - 12*z + 13*z = 0. Suppose 5*x - 290 - 535 = z. What is the greatest common divisor of x and 33?
33
Suppose 3*b + 267 = 225*p - 221*p, -4*b + 288 = 4*p. Calculate the greatest common factor of p and 3.
3
Suppose -37*u + 34*u + 32730 = 0. Let w be 14/(-49) + 1 + u/14. Suppose w = 5*v + 4*t, -v = v - 5*t - 345. What is the highest common factor of 10 and v?
10
Let h(t) = -t**3 - 10*t**2 + 14*t + 4. Let i be h(-12). Let p = i - 101. What is the highest common divisor of p and 207?
23
Suppose 2*q - 2 = 0, 2*b - 675 = -3*b + 5*q. Let r = -128 + b. What is the greatest common factor of 104 and r?
8
Let q be 116*-175*(-50)/2500. Let t be 3*-1*(-56)/6. Calculate the greatest common divisor of q and t.
14
Let t = -4289 + 4585. What is the highest common factor of t and 128?
8
Suppose 2*d + 10 = 0, 0*d = 2*a + 4*d - 984. What is the greatest common divisor of a and 2?
2
Let m = 32 - 23. Let v = -47 - -60. Suppose -6*y - 441 = -v*y. Calculate the highest common divisor of y and m.
9
Let o = -15 - -42. Let j = o + -24. Suppose j*k - 1 = 11. Calculate the highest common factor of 2 and k.
2
Let z(g) = 39*g**2 - g. Let b be z(-1). Suppose -269 = -4*s + 211. What is the highest common divisor of b and s?
40
Let y be (-7 - -11) + 3/(-3). Suppose 2*h + y*a = 20, 0 = -a - 4*a. Calculate the greatest common divisor of h and 10.
10
Let j be (-136 - -3) + 1*-1. Let i = j + 222. Let b = 20 - 9. Calculate the greatest common divisor of i and b.
11
Suppose -346832 = -43*z + 521123. Calculate the greatest common factor of 11 and z.
11
Suppose 8*t - 300 = 172. Suppose 8*u = t - 3. Let l(v) = -v + 8. Let w be l(-6). Calculate the highest common factor of w and u.
7
Let z = 2528 + -1520. Calculate the greatest common divisor of 154 and z.
14
Let m be -1*(-40 - -493)/(-1 + -2). What is the greatest common factor of 9664 and m?
151
Suppose -33*l + 22*l + 1914 = 0. Suppose 0 = -5*c - x + 875, 2*c = 4*x + l + 198. What is the greatest common divisor of c and 64?
16
Let j(p) = 526*p**3 + 13*p**2 - 10*p - 31. Let l be j(2). Calculate the highest common divisor of l and 69.
69
Let o be (-1665)/12 + 12/16. Let c(n) = 9*n + 13. Let m be c(-4). Let z be (2 + -1)*o/m. What is the highest common factor of z and 6?
6
Suppose -926 = -5*y - 7*l + 11*l, 3*y + 2*l = 560. Calculate the greatest common divisor of y and 14694.
186
Suppose -14411 = -2*w - 21*d, 2*w + 3*d - 3988 = 10369. Calculate the highest common factor of w and 34.
34
Let l be 8/(-4) - (1 + -6). Suppose -6*j = -l*j - 294. Calculate the greatest common factor of 14 and j.
14
Let f(i) = -i**3 - 11*i**2 - 13*i + 15. Let s(o) = 4*o - 22. Let u be s(3). Let n be f(u). Let w = 341 - -154. Calculate the greatest common divisor of w and n.
45
Suppose 9*a = 4*q - 233, -2*a = 183*q - 187*q + 310. Suppose -2*d + 2241 = 3*x, 4*x = 5*d - d + 2988. What is the greatest common factor of q and x?
83
Let y be 7 - -1 - (-16 - -18). Let z(m) = 67*m - 389. Let t be z(y). What is the highest common factor of t and 871?
13
Suppose -146*m + 308*m - 153*m - 1269 = 0. What is the greatest common factor of 2397 and m?
141
Let f = -70 - -187. Let p = -17 + 33. Suppose 11 + p = 3*t. Calculate the greatest common divisor of f and t.
9
Suppose -4*b - 50 = -686. Let m = b + -156. Suppose -4*r + 12 + 48 = 0. Calculate the greatest common divisor of r and m.
3
Suppose -3*w + 16 = -w. Let s be 30/w - (-11)/44. Suppose 37 = m - s*y, 6*m - 4*m + y = 38. Calculate the greatest common factor of m and 21.
21
Let y = 354 + 9. Suppose 16*j = 19*j - y. What is the greatest common factor of j and 22?
11
Let f be (2/6)/(8/(-1272)). Let x = f + 20. Let h be 48/(-22) - -2 - 204/x. Calculate the greatest common divisor of h and 24.
6
Let c(u) = -10*u + 197. Let x be c(13). Suppose 0 = x*y - 59*y - 144. Suppose p = 6*p - 360. What is the greatest common divisor of p and y?
18
Suppose 2*x + 638 = 5*d, d - 129 = x + 1. Let f = 13221 + -13214. What is the greatest common factor of d and f?
7
Let b = -8043 + 13540. Calculate the highest common factor of 46 and b.
23
Let g(t) = t**3 - 8*t**2 + 2. Let h be g(8). Suppose -h*x + 16 = 2*x. Suppose -s = m - 1, x*m - m = -9. What is the greatest common divisor of s and 6?
2
Let f(o) = -425*o + 1702. Let h be f(4). What is the highest common factor of h and 17?
1
Suppose 1493 = 10*f - 347. What is the highest common divisor of f and 230?
46
Suppose -35*i + 88 = -31*i. Let d(f) = -15*f**2 + 32 - i*f**2 + 41*f**2 - 13*f**2 + f**3 + f. Let w be d(9). What is the greatest common divisor of w and 41?
41
Let x = 7187 - 2501. Calculate the highest 